 - 187. Is 7 a factor of h?
True
Let d be (28/(-6))/((-4)/6). Let o = d + 7. Is 11 a factor of o?
False
Suppose -n = -2*n - 5*x + 87, 0 = 3*n - 5*x - 361. Is 24 a factor of n?
False
Let f = 7 - -37. Is 10 a factor of f?
False
Let z(l) = -l**3 + 6*l**2 - 4*l. Let m be z(5). Let r(i) = 2*i**2 - 3*i + 1. Is r(m) a multiple of 12?
True
Let c(t) = t - 2. Let r be c(5). Let x = -10 + r. Let l = x + 32. Is l a multiple of 13?
False
Let h = 16 + -6. Is h a multiple of 6?
False
Let b(q) = -4*q + 54. Does 13 divide b(-19)?
True
Suppose 0 = 2*f - 69 - 11. Is f a multiple of 17?
False
Is (-33)/(1 - (-4)/(-3)) a multiple of 19?
False
Suppose -5*o + 3 = -37. Suppose -3*c = 2*c - 20. Suppose f + 21 = b - o, 0 = f + c. Is 14 a factor of b?
False
Suppose -100 = -7*u + 19. Is 17 a factor of u?
True
Suppose 5 + 15 = -b. Let x = b + 36. Does 5 divide x?
False
Suppose 5*j - 14 = 16. Let n = 16 - j. Is n a multiple of 5?
True
Suppose 2*r + p = 330 - 31, -3*p + 456 = 3*r. Suppose 63 = 3*c - r. Does 14 divide c?
True
Does 12 divide (105/(-12))/(1/(-4))?
False
Does 3 divide 50/(-15)*12/(-8)?
False
Is 26 a factor of (-165)/(-3) - (3 + 0)?
True
Suppose -2*i - 5*b + 94 = -0*i, 0 = -i + 3*b + 25. Let r = -15 + i. Is r a multiple of 12?
False
Let k(p) = -p**2 - 7*p. Suppose 36 = -5*y + 2*a, a + 2*a - 21 = 2*y. Let z be k(y). Suppose -5*g + z*g - 13 = 0. Is g a multiple of 5?
False
Let b = -2 + 4. Suppose -60 = -b*f + f. Is 30 a factor of f?
True
Let k be (-4*(-2)/4)/1. Suppose -3*j = -2*f + 166, 3*j + 81 = f + k*j. Suppose 4*t - 43 = f. Is t a multiple of 16?
False
Suppose 2*k - u + 39 = 0, 0 = -3*k + 4*k + 3*u + 37. Let m = -16 - k. Is m a multiple of 6?
True
Let o(n) = -3*n**3 + n + 1. Let d be o(-1). Suppose 0 = -d*z + 6*z. Suppose z = w - 1 - 20. Is w a multiple of 21?
True
Let m(q) = q**2 - 6*q - 9. Does 10 divide m(-6)?
False
Suppose -p - 2 = -27. Let c(k) = -k - 1. Let d be c(-5). Is 160/p + d/(-10) a multiple of 3?
True
Suppose -a + 26 = -84. Is a a multiple of 40?
False
Suppose 0 = 2*o + o + 99. Suppose v - 4 = 0, h + 4*v - 20 = -0*h. Is 11 a factor of (o/h)/(3/(-8))?
True
Let m = 0 + 1. Let o be (m - 2)*(5 - 5). Suppose o = 3*g + g - 68. Is 17 a factor of g?
True
Let t = -53 + 22. Let d = t + 67. Is 17 a factor of d?
False
Let z(p) = p + 16. Does 19 divide z(3)?
True
Suppose -4 = -4*s + 4*t, -3*s - 4*t + 36 = s. Suppose 5*o = 5*k - 4*k - 20, -4*o - 100 = -s*k. Is k a multiple of 9?
False
Let h(s) = -7*s**2 - 5*s + 9. Let c be h(-8). Does 6 divide -2*(c/(-6))/(-7)?
False
Suppose 0*b - 4*b + 5*r + 7 = 0, -b = -5*r + 2. Suppose 0 = b*c + 8 - 29. Is 7 a factor of c?
True
Suppose -12 = -5*n + 18. Suppose -n*x + 95 = -x. Does 19 divide x?
True
Let y(g) = 3*g**3 - 3*g**2 - 6*g. Let s(v) = 4*v**3 - 3*v**2 - 7*v. Let x(o) = 5*s(o) - 6*y(o). Is x(3) a multiple of 28?
True
Let t(c) = -3*c + 1. Let k(f) = -2*f. Let j(z) = 9*k(z) - 4*t(z). Let d be 2 - 10 - (1 - 1). Does 15 divide j(d)?
False
Let s(l) = l**2 + 6*l + 6. Let h be s(-4). Is 6 a factor of h/8 - 438/(-24)?
True
Let t = -4 - -6. Let j be (t - 3)*-2*1. Suppose -j*o + 23 = -3. Is 10 a factor of o?
False
Let n(q) = 9*q**3 + q**2 - 2. Let s be n(2). Suppose 5*c = 2*d - 102, -3*d + 115 = -4*c - 24. Let x = s - d. Is x a multiple of 17?
False
Suppose 5*z = 3*z - 26. Let d be z/((-3)/3) - 2. Is 6 a factor of d + 4/((-12)/9)?
False
Let f(p) = p**3 - 4*p**2 + 5*p - 5. Let n be f(4). Let i = 11 + n. Is 11 a factor of i?
False
Let j(z) = -z**3 + 6*z**2 - 5*z - 5. Let q be j(5). Let b = 8 + q. Suppose -u + 0*u + 13 = b*p, -4*p + 3*u + 39 = 0. Is p a multiple of 3?
True
Let n(y) = -y**2 + 5*y - 5. Let z(x) = x**2 + 5*x - 2. Let u be z(-6). Let w be n(u). Let g = w - -6. Is 2 a factor of g?
False
Let w(s) = 10*s**2 + 5*s - 19. Does 14 divide w(3)?
False
Let b be -5*(0 + -1) - 1. Suppose 0 = c - 4*m - 52, 2*c + c + b*m = 76. Is (27/4)/(6/c) a multiple of 18?
True
Let u = 86 + -60. Is 11 a factor of u?
False
Let f = 46 + -26. Does 13 divide f?
False
Suppose -f - 4*f = -65. Does 4 divide f?
False
Let d = -3 + 5. Suppose -3*f + 32 = -d*f. Does 14 divide f?
False
Suppose -2*f = -0*f - 142. Let i = 103 - f. Is i a multiple of 8?
True
Let i(a) = 3*a - 34. Let k(c) = c - 11. Let u(s) = 4*i(s) - 14*k(s). Let p(o) = -o + 1. Let l(m) = -3*p(m) + u(m). Is 9 a factor of l(0)?
False
Let a(h) = h**3 - h**2 + h + 20. Let y be 0/(3*1/3). Is a(y) a multiple of 10?
True
Let k be (-4 + 12)*(-2)/(-4). Suppose 5*n = k*n + 10. Is 10 a factor of n?
True
Let r(f) = 7*f**2 - f + 4 - f**3 + 2*f + 3. Let y = -9 + 15. Does 13 divide r(y)?
False
Let j(k) = -k**3 + 3*k**2 - 2. Let t be j(2). Suppose i + 58 = t*i - u, -2*i - 5*u = -130. Is 20 a factor of i?
True
Suppose -181 + 1441 = 12*v. Is v a multiple of 15?
True
Let z(g) = -g**3 - 5*g**2 - 8 - 4*g - g**3 + 3*g**3. Let w be z(6). Does 11 divide (3 + -14)*(2 - w)?
True
Let p(k) = 4*k**2 + 15*k - 2. Let u(d) = 5*d**2 + 16*d - 1. Let f(a) = 6*p(a) - 5*u(a). Is 14 a factor of f(6)?
False
Suppose j + j - 4*y = 126, -2*y = j - 71. Is 20 a factor of j?
False
Suppose -9*x = -2748 + 381. Is 43 a factor of x?
False
Suppose -o - 3 - 3 = -4*c, c = -5*o + 12. Suppose o*a + 0*a - 3*u = 4, 0 = -4*a - 3*u + 26. Is 2 a factor of a?
False
Let u(h) = 2*h + 9. Suppose 4 + 56 = 4*s. Is u(s) a multiple of 14?
False
Let n be 33/(-11) + (0 - -9). Suppose 0 = -u + 2*z + n, -5*u - 2*z + 30 = -24. Is 3 a factor of u?
False
Suppose 0 = -3*y + 2*r + 767, 0*r - 2*r = 3*y - 763. Suppose -4*k + y = -33. Is 18 a factor of k?
True
Let j be (10/2)/(-1 + 2). Suppose d + 11 = j*d - k, 3*d + 5*k = -9. Suppose -110 = -3*n - d*n. Is n a multiple of 10?
False
Let w(s) = 3 + 3*s**2 - 4*s**2 + 1. Let l be w(0). Does 11 divide -11*((-6)/(-3) - l)?
True
Suppose 3*r + 200 = 8*r. Suppose -4*j + 3*j - 22 = 0. Let i = j + r. Is 10 a factor of i?
False
Suppose 3*f = 4*f - 17. Is 10 a factor of f?
False
Suppose 0 = -2*k - 0*k. Suppose 5*h = f + 3, k = 5*f - 3*h - 9 - 64. Is 9 a factor of f?
False
Let f(d) = -d**2 - 17*d + 4. Is f(-15) a multiple of 17?
True
Let n(u) = u**3 - 3*u**2 + 1. Let y be n(1). Does 20 divide y/(-2) + (-553)/(-14)?
True
Let y be (-10)/(-4)*12/10. Suppose 2*w = 5*m - 147, -m + 11 = y*w - 15. Is m a multiple of 10?
False
Let h(w) = -w**3 + 11*w**2 - 9*w - 14. Let q be h(10). Is 7 a factor of (42/2)/(5 + q)?
True
Let a = 100 + -83. Is 8 a factor of a?
False
Suppose 0 = 3*v - 16 - 2. Let i(m) = -8*m**2 + 7*m + 1. Let t(w) = -w**2 + w. Let o(l) = v*t(l) - i(l). Is 6 a factor of o(-3)?
False
Let j = 4 + -4. Suppose 0*q - q = -4*a + 18, 5*q + 10 = j. Is 14 a factor of -36*(a/(-3))/2?
False
Let h = 15 + -7. Let b(j) = 2*j**2 - 12*j + 11. Is 15 a factor of b(h)?
False
Suppose 29*f - 37*f + 784 = 0. Is 5 a factor of f?
False
Suppose 9*p - 28 = 7*p. Is p a multiple of 5?
False
Suppose 9*j - 10*j = -38. Does 19 divide j?
True
Let h(u) = -u**2 + 14*u + 1. Let z(f) = -3*f - 1. Let s be z(-4). Is h(s) a multiple of 17?
True
Let u = -4 - -4. Suppose 0 = 5*m - 2*f - 152, 132 = 4*m + f - u*f. Suppose -7*a + c = -3*a - 50, m = 3*a + 2*c. Is 9 a factor of a?
False
Suppose -4*w + 9 = 3*i, 3*i + 5*w - 9 = -0*w. Is 4 a factor of (i - (2 + 2)) + 16?
False
Let k(d) = -2*d - 6. Let x be k(-4). Suppose 0*o + x*o - 60 = 0. Suppose -3*h + o = 2*h. Does 6 divide h?
True
Let q be 10/15 - 620/(-6). Suppose 5*z + 23 = p - 28, -4*p - 5*z + q = 0. Is 10 a factor of p?
False
Suppose g + 2*g = 18. Let k = 5 - g. Does 19 divide (-3 - -2)*k + 18?
True
Suppose 3*m - 4*m = -106. Suppose -4*k + m = -2*p, 0 = k + p + 4*p + 1. Does 8 divide k?
True
Let r be 958/5 - 12/(-30). Is r/18*63/12 a multiple of 14?
True
Let j(d) be the third derivative of -d**4/4 - d**3/6 + 2*d**2. Let p be j(-1). Let q = p - 2. Does 2 divide q?
False
Suppose 4*r - r = 9. Let n = 23 + -10. Suppose r*s - 65 = n. Does 9 divide s?
False
Let j(o) = -23*o + 2. Let q be j(-6). Suppose -3*d - q = -8*d. Suppose d = g + s, -3*s - 10 + 62 = 2*g. Is g a multiple of 16?
True
Suppose i + 2*i = 0. Suppose u - 18 = 3*h - h, -3*u + 3*h + 51 = i. Does 7 divide u?
False
Let y = -1 + -3. Is (y*3)/(4/(-14)) a multiple of 14?
True
Let n be 1/(((-3)/12)/1). Let d(x) = x**2 - 2*x - 2. Does 11 divide d(n)?
True
Let x(k) = 6*k**3 + 7*k**2 + 3*k + 2. Let d(z) = -7*z**3 - 8*z**2 - 4*z - 3. Let j(c) = 4*d(c) + 5*x(c). Is 12